{"version":"1.0","provider_name":"Freiwillige Feuerwehr Bozen EO","provider_url":"https:\/\/ffbozen.it\/de","author_name":"thomas.sparber@ffbozen.it","author_url":"https:\/\/ffbozen.it\/de\/author\/thomas-sparberffbozen-it\/","title":"Kleintransportfahrzeug - Allrad - Freiwillige Feuerwehr Bozen EO","type":"rich","width":600,"height":338,"html":"<blockquote class=\"wp-embedded-content\" data-secret=\"ZHljCqlxaK\"><a href=\"https:\/\/ffbozen.it\/de\/ausruestung\/fuhrpark\/kleintransportfahrzeug-allrad-2\/\">Kleintransportfahrzeug &#8211; Allrad<\/a><\/blockquote><iframe sandbox=\"allow-scripts\" security=\"restricted\" src=\"https:\/\/ffbozen.it\/de\/ausruestung\/fuhrpark\/kleintransportfahrzeug-allrad-2\/embed\/#?secret=ZHljCqlxaK\" width=\"600\" height=\"338\" title=\"&#8222;Kleintransportfahrzeug &#8211; Allrad&#8220; &#8211; Freiwillige Feuerwehr Bozen EO\" data-secret=\"ZHljCqlxaK\" frameborder=\"0\" marginwidth=\"0\" marginheight=\"0\" scrolling=\"no\" class=\"wp-embedded-content\"><\/iframe><script type=\"text\/javascript\">\n\/*! This file is auto-generated *\/\n!function(c,d){\"use strict\";var e=!1,o=!1;if(d.querySelector)if(c.addEventListener)e=!0;if(c.wp=c.wp||{},c.wp.receiveEmbedMessage);else if(c.wp.receiveEmbedMessage=function(e){var t=e.data;if(!t);else if(!(t.secret||t.message||t.value));else if(\/[^a-zA-Z0-9]\/.test(t.secret));else{for(var r,s,a,i=d.querySelectorAll('iframe[data-secret=\"'+t.secret+'\"]'),n=d.querySelectorAll('blockquote[data-secret=\"'+t.secret+'\"]'),o=new RegExp(\"^https?:$\",\"i\"),l=0;l<n.length;l++)n[l].style.display=\"none\";for(l=0;l<i.length;l++)if(r=i[l],e.source!==r.contentWindow);else{if(r.removeAttribute(\"style\"),\"height\"===t.message){if(1e3<(s=parseInt(t.value,10)))s=1e3;else if(~~s<200)s=200;r.height=s}if(\"link\"===t.message)if(s=d.createElement(\"a\"),a=d.createElement(\"a\"),s.href=r.getAttribute(\"src\"),a.href=t.value,!o.test(a.protocol));else if(a.host===s.host)if(d.activeElement===r)c.top.location.href=t.value}}},e)c.addEventListener(\"message\",c.wp.receiveEmbedMessage,!1),d.addEventListener(\"DOMContentLoaded\",t,!1),c.addEventListener(\"load\",t,!1);function t(){if(o);else{o=!0;for(var e,t,r,s=-1!==navigator.appVersion.indexOf(\"MSIE 10\"),a=!!navigator.userAgent.match(\/Trident.*rv:11\\.\/),i=d.querySelectorAll(\"iframe.wp-embedded-content\"),n=0;n<i.length;n++){if(!(r=(t=i[n]).getAttribute(\"data-secret\")))r=Math.random().toString(36).substr(2,10),t.src+=\"#?secret=\"+r,t.setAttribute(\"data-secret\",r);if(s||a)(e=t.cloneNode(!0)).removeAttribute(\"security\"),t.parentNode.replaceChild(e,t);t.contentWindow.postMessage({message:\"ready\",secret:r},\"*\")}}}}(window,document);\n<\/script>\n","description":"tail Kleintransportfahrzeug &#8211; Allrad Dieses Fahrzeug verf\u00fcgt \u00fcber eine Ladepritsche und dient zum Transport von Ger\u00e4ten und Einsatzmaterialien. Standardm\u00e4\u00dfig ist es mit dem abnehmbaren\u00a0Aufbau f\u00fcr Waldbr\u00e4nde\u00a0beladen und kann bei Bedarf mit einem\u00a0Aufbau f\u00fcr kleine technische Hilfeleistungen\u00a0beladen werden. Besatzung: 4 + 1 Mann Gewicht: 3.500 kg Leistung: 200PS Baujahr: 2020 Antriebsart: 4\u00d72 | 4\u00d74 | reduziertes&nbsp;&hellip;","thumbnail_url":"https:\/\/ffbozen.it\/de\/wp-content\/uploads\/brizy\/imgs\/FFBozen_Fahrzeug2_01-1920x1080x0x0x1920x1080x1610543564.jpg"}

tail Kleintransportfahrzeug &#8211; Allrad Dieses Fahrzeug verfügt über eine Ladepritsche und dient zum Transport von Geräten und Einsatzmaterialien. Standardmäßig ist es mit dem abnehmbaren Aufbau für Waldbrände beladen und kann bei Bedarf mit einem Aufbau für kleine technische Hilfeleistungen beladen werden. Besatzung: 4 + 1 Mann Gewicht: 3.500 kg Leistung: 200PS Baujahr: 2020 Antriebsart: 4×2 | 4×4 | reduziertes&nbsp;&hellip;
