{"version":"1.0","provider_name":"Freiwillige Feuerwehr Bozen EO","provider_url":"https:\/\/ffbozen.it\/de","author_name":"thomas.sparber@ffbozen.it","author_url":"https:\/\/ffbozen.it\/de\/author\/thomas-sparberffbozen-it\/","title":"Schutzkleidung2 - Freiwillige Feuerwehr Bozen EO","type":"rich","width":600,"height":338,"html":"<blockquote class=\"wp-embedded-content\" data-secret=\"mewoh7q5zn\"><a href=\"https:\/\/ffbozen.it\/de\/ausruestung\/schutzkleidung2\/\">Schutzkleidung2<\/a><\/blockquote><iframe sandbox=\"allow-scripts\" security=\"restricted\" src=\"https:\/\/ffbozen.it\/de\/ausruestung\/schutzkleidung2\/embed\/#?secret=mewoh7q5zn\" width=\"600\" height=\"338\" title=\"&#8222;Schutzkleidung2&#8220; &#8211; Freiwillige Feuerwehr Bozen EO\" data-secret=\"mewoh7q5zn\" frameborder=\"0\" marginwidth=\"0\" marginheight=\"0\" scrolling=\"no\" class=\"wp-embedded-content\"><\/iframe><script type=\"text\/javascript\">\n\/*! This file is auto-generated *\/\n!function(c,d){\"use strict\";var e=!1,o=!1;if(d.querySelector)if(c.addEventListener)e=!0;if(c.wp=c.wp||{},c.wp.receiveEmbedMessage);else if(c.wp.receiveEmbedMessage=function(e){var t=e.data;if(!t);else if(!(t.secret||t.message||t.value));else if(\/[^a-zA-Z0-9]\/.test(t.secret));else{for(var r,s,a,i=d.querySelectorAll('iframe[data-secret=\"'+t.secret+'\"]'),n=d.querySelectorAll('blockquote[data-secret=\"'+t.secret+'\"]'),o=new RegExp(\"^https?:$\",\"i\"),l=0;l<n.length;l++)n[l].style.display=\"none\";for(l=0;l<i.length;l++)if(r=i[l],e.source!==r.contentWindow);else{if(r.removeAttribute(\"style\"),\"height\"===t.message){if(1e3<(s=parseInt(t.value,10)))s=1e3;else if(~~s<200)s=200;r.height=s}if(\"link\"===t.message)if(s=d.createElement(\"a\"),a=d.createElement(\"a\"),s.href=r.getAttribute(\"src\"),a.href=t.value,!o.test(a.protocol));else if(a.host===s.host)if(d.activeElement===r)c.top.location.href=t.value}}},e)c.addEventListener(\"message\",c.wp.receiveEmbedMessage,!1),d.addEventListener(\"DOMContentLoaded\",t,!1),c.addEventListener(\"load\",t,!1);function t(){if(o);else{o=!0;for(var e,t,r,s=-1!==navigator.appVersion.indexOf(\"MSIE 10\"),a=!!navigator.userAgent.match(\/Trident.*rv:11\\.\/),i=d.querySelectorAll(\"iframe.wp-embedded-content\"),n=0;n<i.length;n++){if(!(r=(t=i[n]).getAttribute(\"data-secret\")))r=Math.random().toString(36).substr(2,10),t.src+=\"#?secret=\"+r,t.setAttribute(\"data-secret\",r);if(s||a)(e=t.cloneNode(!0)).removeAttribute(\"security\"),t.parentNode.replaceChild(e,t);t.contentWindow.postMessage({message:\"ready\",secret:r},\"*\")}}}}(window,document);\n<\/script>\n","description":"Uniform &amp; Schutzausr\u00fcstung Paradeuniform Diese Uniform wird f\u00fcr repr\u00e4sentative Zwecke und \u00f6ffentliche Veranstaltungen verwendet, u. a. f\u00fcr Brandverh\u00fctungsdienste. Dienstuniform Diese Uniform stellt die Grundausr\u00fcstung eines jeden Feuerwehrmitgliedes dar und wird v. a. f\u00fcr kleine technische Hilfeleistungen, sowie der Brandbek\u00e4mpfung im Freien, eingesetzt. Dienstuniform Diese Uniform stellt die Grundausr\u00fcstung eines jeden Feuerwehrmitgliedes dar und wird v.&nbsp;&hellip;","thumbnail_url":"https:\/\/ffbozen.it\/de\/wp-content\/uploads\/brizy\/imgs\/FFBozen_Uniform_Paradeuniform-368x817x0x41x368x736x1613987673.jpg"}

Uniform &amp; Schutzausrüstung Paradeuniform Diese Uniform wird für repräsentative Zwecke und öffentliche Veranstaltungen verwendet, u. a. für Brandverhütungsdienste. Dienstuniform Diese Uniform stellt die Grundausrüstung eines jeden Feuerwehrmitgliedes dar und wird v. a. für kleine technische Hilfeleistungen, sowie der Brandbekämpfung im Freien, eingesetzt. Dienstuniform Diese Uniform stellt die Grundausrüstung eines jeden Feuerwehrmitgliedes dar und wird v.&nbsp;&hellip;
