{"version":"1.0","provider_name":"Freiwillige Feuerwehr Bozen EO","provider_url":"https:\/\/ffbozen.it\/de","author_name":"thomas.sparber@ffbozen.it","author_url":"https:\/\/ffbozen.it\/de\/author\/thomas-sparberffbozen-it\/","title":"Balkon- und Fassadenbrand - Freiwillige Feuerwehr Bozen EO","type":"rich","width":600,"height":338,"html":"<blockquote class=\"wp-embedded-content\" data-secret=\"QIKQVeHSPE\"><a href=\"https:\/\/ffbozen.it\/de\/einsatzberichte\/balkon-und-fassadenbrand\/\">Balkon- und Fassadenbrand<\/a><\/blockquote><iframe sandbox=\"allow-scripts\" security=\"restricted\" src=\"https:\/\/ffbozen.it\/de\/einsatzberichte\/balkon-und-fassadenbrand\/embed\/#?secret=QIKQVeHSPE\" width=\"600\" height=\"338\" title=\"&#8222;Balkon- und Fassadenbrand&#8220; &#8211; Freiwillige Feuerwehr Bozen EO\" data-secret=\"QIKQVeHSPE\" frameborder=\"0\" marginwidth=\"0\" marginheight=\"0\" scrolling=\"no\" class=\"wp-embedded-content\"><\/iframe><script type=\"text\/javascript\">\n\/*! This file is auto-generated *\/\n!function(c,d){\"use strict\";var e=!1,o=!1;if(d.querySelector)if(c.addEventListener)e=!0;if(c.wp=c.wp||{},c.wp.receiveEmbedMessage);else if(c.wp.receiveEmbedMessage=function(e){var t=e.data;if(!t);else if(!(t.secret||t.message||t.value));else if(\/[^a-zA-Z0-9]\/.test(t.secret));else{for(var r,s,a,i=d.querySelectorAll('iframe[data-secret=\"'+t.secret+'\"]'),n=d.querySelectorAll('blockquote[data-secret=\"'+t.secret+'\"]'),o=new RegExp(\"^https?:$\",\"i\"),l=0;l<n.length;l++)n[l].style.display=\"none\";for(l=0;l<i.length;l++)if(r=i[l],e.source!==r.contentWindow);else{if(r.removeAttribute(\"style\"),\"height\"===t.message){if(1e3<(s=parseInt(t.value,10)))s=1e3;else if(~~s<200)s=200;r.height=s}if(\"link\"===t.message)if(s=d.createElement(\"a\"),a=d.createElement(\"a\"),s.href=r.getAttribute(\"src\"),a.href=t.value,!o.test(a.protocol));else if(a.host===s.host)if(d.activeElement===r)c.top.location.href=t.value}}},e)c.addEventListener(\"message\",c.wp.receiveEmbedMessage,!1),d.addEventListener(\"DOMContentLoaded\",t,!1),c.addEventListener(\"load\",t,!1);function t(){if(o);else{o=!0;for(var e,t,r,s=-1!==navigator.appVersion.indexOf(\"MSIE 10\"),a=!!navigator.userAgent.match(\/Trident.*rv:11\\.\/),i=d.querySelectorAll(\"iframe.wp-embedded-content\"),n=0;n<i.length;n++){if(!(r=(t=i[n]).getAttribute(\"data-secret\")))r=Math.random().toString(36).substr(2,10),t.src+=\"#?secret=\"+r,t.setAttribute(\"data-secret\",r);if(s||a)(e=t.cloneNode(!0)).removeAttribute(\"security\"),t.parentNode.replaceChild(e,t);t.contentWindow.postMessage({message:\"ready\",secret:r},\"*\")}}}}(window,document);\n<\/script>\n","description":"Am fr\u00fchen Morgen des heutigen Samstags kam es in der Bozner Cadornastra\u00dfe zu einem Brandeinsatz in einem Mehrfamilienwohnhaus. Als die Einsatzmannschaften der Berufsfeuerwehr und der Freiwilligen Feuerwehr Bozen am Einsatzort eintrafen, stand eine aus Holzelementen bestehende Fassade nahezu in Vollbrand. Durch einen gezielten Au\u00dfenangriff konnten die Flammen relativ rasch bek\u00e4mpft werden, aufgrund der aufw\u00e4ndigen Nachl\u00f6scharbeiten,&nbsp;&hellip;"}

Am frühen Morgen des heutigen Samstags kam es in der Bozner Cadornastraße zu einem Brandeinsatz in einem Mehrfamilienwohnhaus. Als die Einsatzmannschaften der Berufsfeuerwehr und der Freiwilligen Feuerwehr Bozen am Einsatzort eintrafen, stand eine aus Holzelementen bestehende Fassade nahezu in Vollbrand. Durch einen gezielten Außenangriff konnten die Flammen relativ rasch bekämpft werden, aufgrund der aufwändigen Nachlöscharbeiten,&nbsp;&hellip;
