{"version":"1.0","provider_name":"Freiwillige Feuerwehr Bozen EO","provider_url":"https:\/\/ffbozen.it\/de","author_name":"thomas.sparber@ffbozen.it","author_url":"https:\/\/ffbozen.it\/de\/author\/thomas-sparberffbozen-it\/","title":"Geb\u00e4ude- und Waldbrand - Freiwillige Feuerwehr Bozen EO","type":"rich","width":600,"height":338,"html":"<blockquote class=\"wp-embedded-content\" data-secret=\"8DcbQeokrD\"><a href=\"https:\/\/ffbozen.it\/de\/einsatzberichte\/wald-und-gebaeudebrand\/\">Geb\u00e4ude- und Waldbrand<\/a><\/blockquote><iframe sandbox=\"allow-scripts\" security=\"restricted\" src=\"https:\/\/ffbozen.it\/de\/einsatzberichte\/wald-und-gebaeudebrand\/embed\/#?secret=8DcbQeokrD\" width=\"600\" height=\"338\" title=\"&#8222;Geb\u00e4ude- und Waldbrand&#8220; &#8211; Freiwillige Feuerwehr Bozen EO\" data-secret=\"8DcbQeokrD\" frameborder=\"0\" marginwidth=\"0\" marginheight=\"0\" scrolling=\"no\" class=\"wp-embedded-content\"><\/iframe><script type=\"text\/javascript\">\n\/*! This file is auto-generated *\/\n!function(c,d){\"use strict\";var e=!1,o=!1;if(d.querySelector)if(c.addEventListener)e=!0;if(c.wp=c.wp||{},c.wp.receiveEmbedMessage);else if(c.wp.receiveEmbedMessage=function(e){var t=e.data;if(!t);else if(!(t.secret||t.message||t.value));else if(\/[^a-zA-Z0-9]\/.test(t.secret));else{for(var r,s,a,i=d.querySelectorAll('iframe[data-secret=\"'+t.secret+'\"]'),n=d.querySelectorAll('blockquote[data-secret=\"'+t.secret+'\"]'),o=new RegExp(\"^https?:$\",\"i\"),l=0;l<n.length;l++)n[l].style.display=\"none\";for(l=0;l<i.length;l++)if(r=i[l],e.source!==r.contentWindow);else{if(r.removeAttribute(\"style\"),\"height\"===t.message){if(1e3<(s=parseInt(t.value,10)))s=1e3;else if(~~s<200)s=200;r.height=s}if(\"link\"===t.message)if(s=d.createElement(\"a\"),a=d.createElement(\"a\"),s.href=r.getAttribute(\"src\"),a.href=t.value,!o.test(a.protocol));else if(a.host===s.host)if(d.activeElement===r)c.top.location.href=t.value}}},e)c.addEventListener(\"message\",c.wp.receiveEmbedMessage,!1),d.addEventListener(\"DOMContentLoaded\",t,!1),c.addEventListener(\"load\",t,!1);function t(){if(o);else{o=!0;for(var e,t,r,s=-1!==navigator.appVersion.indexOf(\"MSIE 10\"),a=!!navigator.userAgent.match(\/Trident.*rv:11\\.\/),i=d.querySelectorAll(\"iframe.wp-embedded-content\"),n=0;n<i.length;n++){if(!(r=(t=i[n]).getAttribute(\"data-secret\")))r=Math.random().toString(36).substr(2,10),t.src+=\"#?secret=\"+r,t.setAttribute(\"data-secret\",r);if(s||a)(e=t.cloneNode(!0)).removeAttribute(\"security\"),t.parentNode.replaceChild(e,t);t.contentWindow.postMessage({message:\"ready\",secret:r},\"*\")}}}}(window,document);\n<\/script>\n","description":"Am sp\u00e4ten Nachmittag des diesj\u00e4hrigen Ostermontages wurde die Freiwillige Feuerwehr Bozen wegen eines Brandeinsatzes zum Virgl gerufen. W\u00e4hrend urspr\u00fcnglich von einem reinen Waldbrand ausgegangen wurde, stellte sich vor Ort heraus, dass ein Anbau eines Wohngeb\u00e4udes Feuer gefangen hatte, wobei die Flammen in Folge auf den angrenzenden Wald \u00fcbergegriffen haben. Nur Dank eines komplexen mehrst\u00fcndigen Einsatzes&nbsp;&hellip;","thumbnail_url":"https:\/\/ffbozen.it\/de\/wp-content\/uploads\/2022\/04\/1.jpg"}

Gebäude- und Waldbrand - Freiwillige Feuerwehr Bozen EO

<blockquote class="wp-embedded-content" data-secret="8DcbQeokrD"><a href="https://ffbozen.it/de/einsatzberichte/wald-und-gebaeudebrand/">Gebäude- und Waldbrand</a></blockquote><iframe sandbox="allow-scripts" security="restricted" src="https://ffbozen.it/de/einsatzberichte/wald-und-gebaeudebrand/embed/#?secret=8DcbQeokrD" width="600" height="338" title="&#8222;Gebäude- und Waldbrand&#8220; &#8211; Freiwillige Feuerwehr Bozen EO" data-secret="8DcbQeokrD" frameborder="0" marginwidth="0" marginheight="0" scrolling="no" class="wp-embedded-content"></iframe><script type="text/javascript">
/*! This file is auto-generated */
!function(c,d){"use strict";var e=!1,o=!1;if(d.querySelector)if(c.addEventListener)e=!0;if(c.wp=c.wp||{},c.wp.receiveEmbedMessage);else if(c.wp.receiveEmbedMessage=function(e){var t=e.data;if(!t);else if(!(t.secret||t.message||t.value));else if(/[^a-zA-Z0-9]/.test(t.secret));else{for(var r,s,a,i=d.querySelectorAll('iframe[data-secret="'+t.secret+'"]'),n=d.querySelectorAll('blockquote[data-secret="'+t.secret+'"]'),o=new RegExp("^https?:$","i"),l=0;l<n.length;l++)n[l].style.display="none";for(l=0;l<i.length;l++)if(r=i[l],e.source!==r.contentWindow);else{if(r.removeAttribute("style"),"height"===t.message){if(1e3<(s=parseInt(t.value,10)))s=1e3;else if(~~s<200)s=200;r.height=s}if("link"===t.message)if(s=d.createElement("a"),a=d.createElement("a"),s.href=r.getAttribute("src"),a.href=t.value,!o.test(a.protocol));else if(a.host===s.host)if(d.activeElement===r)c.top.location.href=t.value}}},e)c.addEventListener("message",c.wp.receiveEmbedMessage,!1),d.addEventListener("DOMContentLoaded",t,!1),c.addEventListener("load",t,!1);function t(){if(o);else{o=!0;for(var e,t,r,s=-1!==navigator.appVersion.indexOf("MSIE 10"),a=!!navigator.userAgent.match(/Trident.*rv:11\./),i=d.querySelectorAll("iframe.wp-embedded-content"),n=0;n<i.length;n++){if(!(r=(t=i[n]).getAttribute("data-secret")))r=Math.random().toString(36).substr(2,10),t.src+="#?secret="+r,t.setAttribute("data-secret",r);if(s||a)(e=t.cloneNode(!0)).removeAttribute("security"),t.parentNode.replaceChild(e,t);t.contentWindow.postMessage({message:"ready",secret:r},"*")}}}}(window,document);
</script>

Am späten Nachmittag des diesjährigen Ostermontages wurde die Freiwillige Feuerwehr Bozen wegen eines Brandeinsatzes zum Virgl gerufen. Während ursprünglich von einem reinen Waldbrand ausgegangen wurde, stellte sich vor Ort heraus, dass ein Anbau eines Wohngebäudes Feuer gefangen hatte, wobei die Flammen in Folge auf den angrenzenden Wald übergegriffen haben. Nur Dank eines komplexen mehrstündigen Einsatzes&nbsp;&hellip;
