{"version":"1.0","provider_name":"Freiwillige Feuerwehr Bozen EO","provider_url":"https:\/\/ffbozen.it\/de","author_name":"thomas.sparber@ffbozen.it","author_url":"https:\/\/ffbozen.it\/de\/author\/thomas-sparberffbozen-it\/","title":"Waldbrand - Freiwillige Feuerwehr Bozen EO","type":"rich","width":600,"height":338,"html":"<blockquote class=\"wp-embedded-content\" data-secret=\"nHENRcSBsu\"><a href=\"https:\/\/ffbozen.it\/de\/einsatzberichte\/waldbrand-13\/\">Waldbrand<\/a><\/blockquote><iframe sandbox=\"allow-scripts\" security=\"restricted\" src=\"https:\/\/ffbozen.it\/de\/einsatzberichte\/waldbrand-13\/embed\/#?secret=nHENRcSBsu\" width=\"600\" height=\"338\" title=\"&#8222;Waldbrand&#8220; &#8211; Freiwillige Feuerwehr Bozen EO\" data-secret=\"nHENRcSBsu\" frameborder=\"0\" marginwidth=\"0\" marginheight=\"0\" scrolling=\"no\" class=\"wp-embedded-content\"><\/iframe><script type=\"text\/javascript\">\n\/*! This file is auto-generated *\/\n!function(c,d){\"use strict\";var e=!1,o=!1;if(d.querySelector)if(c.addEventListener)e=!0;if(c.wp=c.wp||{},c.wp.receiveEmbedMessage);else if(c.wp.receiveEmbedMessage=function(e){var t=e.data;if(!t);else if(!(t.secret||t.message||t.value));else if(\/[^a-zA-Z0-9]\/.test(t.secret));else{for(var r,s,a,i=d.querySelectorAll('iframe[data-secret=\"'+t.secret+'\"]'),n=d.querySelectorAll('blockquote[data-secret=\"'+t.secret+'\"]'),o=new RegExp(\"^https?:$\",\"i\"),l=0;l<n.length;l++)n[l].style.display=\"none\";for(l=0;l<i.length;l++)if(r=i[l],e.source!==r.contentWindow);else{if(r.removeAttribute(\"style\"),\"height\"===t.message){if(1e3<(s=parseInt(t.value,10)))s=1e3;else if(~~s<200)s=200;r.height=s}if(\"link\"===t.message)if(s=d.createElement(\"a\"),a=d.createElement(\"a\"),s.href=r.getAttribute(\"src\"),a.href=t.value,!o.test(a.protocol));else if(a.host===s.host)if(d.activeElement===r)c.top.location.href=t.value}}},e)c.addEventListener(\"message\",c.wp.receiveEmbedMessage,!1),d.addEventListener(\"DOMContentLoaded\",t,!1),c.addEventListener(\"load\",t,!1);function t(){if(o);else{o=!0;for(var e,t,r,s=-1!==navigator.appVersion.indexOf(\"MSIE 10\"),a=!!navigator.userAgent.match(\/Trident.*rv:11\\.\/),i=d.querySelectorAll(\"iframe.wp-embedded-content\"),n=0;n<i.length;n++){if(!(r=(t=i[n]).getAttribute(\"data-secret\")))r=Math.random().toString(36).substr(2,10),t.src+=\"#?secret=\"+r,t.setAttribute(\"data-secret\",r);if(s||a)(e=t.cloneNode(!0)).removeAttribute(\"security\"),t.parentNode.replaceChild(e,t);t.contentWindow.postMessage({message:\"ready\",secret:r},\"*\")}}}}(window,document);\n<\/script>\n","description":"Am sp\u00e4ten Abend r\u00fcckten wir heute zur Oswaldpromenade aus, wo von mehreren Anrufern ein Brand in unmittelbarer Waldn\u00e4he gemeldet wurde. Vor Ort wurden an einer nicht sachgem\u00e4\u00df abgel\u00f6schten Feuerstelle mehrere Glutnester vorgefunden, welche sich teilweise wieder entzunden hatten. In diesem Zusammenhang wird nochmals darauf hingewiesen, dass das Entfachen von Feuern jeglicher Art in Waldn\u00e4he strengstens&nbsp;&hellip;","thumbnail_url":"https:\/\/ffbozen.it\/de\/wp-content\/uploads\/2021\/03\/20210302_190446778_iOS-225x300.jpg"}

Am späten Abend rückten wir heute zur Oswaldpromenade aus, wo von mehreren Anrufern ein Brand in unmittelbarer Waldnähe gemeldet wurde. Vor Ort wurden an einer nicht sachgemäß abgelöschten Feuerstelle mehrere Glutnester vorgefunden, welche sich teilweise wieder entzunden hatten. In diesem Zusammenhang wird nochmals darauf hingewiesen, dass das Entfachen von Feuern jeglicher Art in Waldnähe strengstens&nbsp;&hellip;
