{"id":19265,"date":"2019-09-07T03:24:00","date_gmt":"2019-09-07T01:24:00","guid":{"rendered":"https:\/\/ffbozen.it\/de\/einsatzberichte\/balkon-und-fassadenbrand\/"},"modified":"2019-09-07T03:24:00","modified_gmt":"2019-09-07T01:24:00","slug":"balkon-und-fassadenbrand","status":"publish","type":"einsatz","link":"https:\/\/ffbozen.it\/de\/einsatzberichte\/balkon-und-fassadenbrand\/","title":{"rendered":"Balkon- und Fassadenbrand"},"content":{"rendered":"<p>Am fr\u00fchen Morgen des heutigen Samstags kam es in der Bozner Cadornastra\u00dfe zu einem Brandeinsatz in einem Mehrfamilienwohnhaus.<br \/>\nAls die Einsatzmannschaften der Berufsfeuerwehr und der Freiwilligen Feuerwehr Bozen am Einsatzort eintrafen, stand eine aus Holzelementen bestehende Fassade nahezu in Vollbrand.<br \/>\nDurch einen gezielten Au\u00dfenangriff konnten die Flammen relativ rasch bek\u00e4mpft werden, aufgrund der aufw\u00e4ndigen Nachl\u00f6scharbeiten, im Zuge deren auch ein Teil des Daches abgedeckt werden musste, zog sich der Einsatz jedoch \u00fcber mehrere Stunden hin.<br \/>\nAlle Bewohner des Geb\u00e4udes wurden umgehend evakuiert und noch vor Ort rettungsdienstlich betreut. Verletzt wurde gl\u00fccklicherweise niemand.<br \/>\nNeben der Berufsfeuerwehr und der Freiwilligen Feuerwehr Bozen stand auch der Rettungsdienst sowie der Streifendienst der Qu\u00e4stur von Bozen im Einsatz. Ermittlungen zur Feststellung der Brandursache wurden eingeleitet.<\/p>\n","protected":false},"author":5,"featured_media":0,"template":"","meta":{"einsatz_weight":1},"categories":[],"einsatzart":[114],"fahrzeug":[7],"exteinsatzmittel":[19,15,260,18],"alarmierungsart":[],"evw_unit":[],"yoast_head":"<!-- This site is optimized with the Yoast SEO plugin v20.4 - https:\/\/yoast.com\/wordpress\/plugins\/seo\/ -->\n<title>Balkon- und Fassadenbrand - Freiwillige Feuerwehr Bozen EO<\/title>\n<meta name=\"robots\" content=\"index, follow, max-snippet:-1, max-image-preview:large, max-video-preview:-1\" \/>\n<link rel=\"canonical\" href=\"https:\/\/ffbozen.it\/de\/einsatzberichte\/balkon-und-fassadenbrand\/\" \/>\n<meta property=\"og:locale\" content=\"de_DE\" \/>\n<meta property=\"og:type\" content=\"article\" \/>\n<meta property=\"og:title\" content=\"Balkon- und Fassadenbrand - Freiwillige Feuerwehr Bozen EO\" \/>\n<meta property=\"og:description\" content=\"Am fr\u00fchen Morgen des heutigen Samstags kam es in der Bozner Cadornastra\u00dfe zu einem Brandeinsatz in einem Mehrfamilienwohnhaus. Als die Einsatzmannschaften der Berufsfeuerwehr und der Freiwilligen Feuerwehr Bozen am Einsatzort eintrafen, stand eine aus Holzelementen bestehende Fassade nahezu in Vollbrand. Durch einen gezielten Au\u00dfenangriff konnten die Flammen relativ rasch bek\u00e4mpft werden, aufgrund der aufw\u00e4ndigen Nachl\u00f6scharbeiten,&nbsp;&hellip;\" \/>\n<meta property=\"og:url\" content=\"https:\/\/ffbozen.it\/de\/einsatzberichte\/balkon-und-fassadenbrand\/\" \/>\n<meta property=\"og:site_name\" content=\"Freiwillige Feuerwehr Bozen EO\" \/>\n<meta property=\"article:publisher\" content=\"https:\/\/www.facebook.com\/ff.bozen\" \/>\n<meta name=\"twitter:card\" content=\"summary_large_image\" \/>\n<meta name=\"twitter:label1\" content=\"Gesch\u00e4tzte Lesezeit\" \/>\n\t<meta name=\"twitter:data1\" content=\"1\u00a0Minute\" \/>\n<script type=\"application\/ld+json\" class=\"yoast-schema-graph\">{\"@context\":\"https:\/\/schema.org\",\"@graph\":[{\"@type\":\"WebPage\",\"@id\":\"https:\/\/ffbozen.it\/de\/einsatzberichte\/balkon-und-fassadenbrand\/\",\"url\":\"https:\/\/ffbozen.it\/de\/einsatzberichte\/balkon-und-fassadenbrand\/\",\"name\":\"Balkon- und Fassadenbrand - Freiwillige Feuerwehr Bozen EO\",\"isPartOf\":{\"@id\":\"https:\/\/ffbozen.it\/de\/#website\"},\"datePublished\":\"2019-09-07T01:24:00+00:00\",\"dateModified\":\"2019-09-07T01:24:00+00:00\",\"breadcrumb\":{\"@id\":\"https:\/\/ffbozen.it\/de\/einsatzberichte\/balkon-und-fassadenbrand\/#breadcrumb\"},\"inLanguage\":\"de\",\"potentialAction\":[{\"@type\":\"ReadAction\",\"target\":[\"https:\/\/ffbozen.it\/de\/einsatzberichte\/balkon-und-fassadenbrand\/\"]}]},{\"@type\":\"BreadcrumbList\",\"@id\":\"https:\/\/ffbozen.it\/de\/einsatzberichte\/balkon-und-fassadenbrand\/#breadcrumb\",\"itemListElement\":[{\"@type\":\"ListItem\",\"position\":1,\"name\":\"Startseite\",\"item\":\"https:\/\/ffbozen.it\/de\/\"},{\"@type\":\"ListItem\",\"position\":2,\"name\":\"Einsatzberichte\",\"item\":\"https:\/\/ffbozen.it\/de\/einsatzberichte\/\"},{\"@type\":\"ListItem\",\"position\":3,\"name\":\"Balkon- und Fassadenbrand\"}]},{\"@type\":\"WebSite\",\"@id\":\"https:\/\/ffbozen.it\/de\/#website\",\"url\":\"https:\/\/ffbozen.it\/de\/\",\"name\":\"Freiwillige Feuerwehr Bozen EO\",\"description\":\"\",\"publisher\":{\"@id\":\"https:\/\/ffbozen.it\/de\/#organization\"},\"potentialAction\":[{\"@type\":\"SearchAction\",\"target\":{\"@type\":\"EntryPoint\",\"urlTemplate\":\"https:\/\/ffbozen.it\/de\/?s={search_term_string}\"},\"query-input\":\"required name=search_term_string\"}],\"inLanguage\":\"de\"},{\"@type\":\"Organization\",\"@id\":\"https:\/\/ffbozen.it\/de\/#organization\",\"name\":\"Freiwillige Feuerwehr Bozen\",\"url\":\"https:\/\/ffbozen.it\/de\/\",\"logo\":{\"@type\":\"ImageObject\",\"inLanguage\":\"de\",\"@id\":\"https:\/\/ffbozen.it\/de\/#\/schema\/logo\/image\/\",\"url\":\"https:\/\/ffbozen.it\/de\/wp-content\/uploads\/2020\/11\/Logo-ohne-Text-scaled-e1606231422963.jpg\",\"contentUrl\":\"https:\/\/ffbozen.it\/de\/wp-content\/uploads\/2020\/11\/Logo-ohne-Text-scaled-e1606231422963.jpg\",\"width\":350,\"height\":140,\"caption\":\"Freiwillige Feuerwehr Bozen\"},\"image\":{\"@id\":\"https:\/\/ffbozen.it\/de\/#\/schema\/logo\/image\/\"},\"sameAs\":[\"https:\/\/www.facebook.com\/ff.bozen\",\"https:\/\/www.instagram.com\/ff.bozen\/\"]}]}<\/script>\n<!-- \/ Yoast SEO plugin. -->","yoast_head_json":{"title":"Balkon- und Fassadenbrand - Freiwillige Feuerwehr Bozen EO","robots":{"index":"index","follow":"follow","max-snippet":"max-snippet:-1","max-image-preview":"max-image-preview:large","max-video-preview":"max-video-preview:-1"},"canonical":"https:\/\/ffbozen.it\/de\/einsatzberichte\/balkon-und-fassadenbrand\/","og_locale":"de_DE","og_type":"article","og_title":"Balkon- und Fassadenbrand - Freiwillige Feuerwehr Bozen EO","og_description":"Am fr\u00fchen Morgen des heutigen Samstags kam es in der Bozner Cadornastra\u00dfe zu einem Brandeinsatz in einem Mehrfamilienwohnhaus. Als die Einsatzmannschaften der Berufsfeuerwehr und der Freiwilligen Feuerwehr Bozen am Einsatzort eintrafen, stand eine aus Holzelementen bestehende Fassade nahezu in Vollbrand. Durch einen gezielten Au\u00dfenangriff konnten die Flammen relativ rasch bek\u00e4mpft werden, aufgrund der aufw\u00e4ndigen Nachl\u00f6scharbeiten,&nbsp;&hellip;","og_url":"https:\/\/ffbozen.it\/de\/einsatzberichte\/balkon-und-fassadenbrand\/","og_site_name":"Freiwillige Feuerwehr Bozen EO","article_publisher":"https:\/\/www.facebook.com\/ff.bozen","twitter_card":"summary_large_image","twitter_misc":{"Gesch\u00e4tzte Lesezeit":"1\u00a0Minute"},"schema":{"@context":"https:\/\/schema.org","@graph":[{"@type":"WebPage","@id":"https:\/\/ffbozen.it\/de\/einsatzberichte\/balkon-und-fassadenbrand\/","url":"https:\/\/ffbozen.it\/de\/einsatzberichte\/balkon-und-fassadenbrand\/","name":"Balkon- und Fassadenbrand - Freiwillige Feuerwehr Bozen EO","isPartOf":{"@id":"https:\/\/ffbozen.it\/de\/#website"},"datePublished":"2019-09-07T01:24:00+00:00","dateModified":"2019-09-07T01:24:00+00:00","breadcrumb":{"@id":"https:\/\/ffbozen.it\/de\/einsatzberichte\/balkon-und-fassadenbrand\/#breadcrumb"},"inLanguage":"de","potentialAction":[{"@type":"ReadAction","target":["https:\/\/ffbozen.it\/de\/einsatzberichte\/balkon-und-fassadenbrand\/"]}]},{"@type":"BreadcrumbList","@id":"https:\/\/ffbozen.it\/de\/einsatzberichte\/balkon-und-fassadenbrand\/#breadcrumb","itemListElement":[{"@type":"ListItem","position":1,"name":"Startseite","item":"https:\/\/ffbozen.it\/de\/"},{"@type":"ListItem","position":2,"name":"Einsatzberichte","item":"https:\/\/ffbozen.it\/de\/einsatzberichte\/"},{"@type":"ListItem","position":3,"name":"Balkon- und Fassadenbrand"}]},{"@type":"WebSite","@id":"https:\/\/ffbozen.it\/de\/#website","url":"https:\/\/ffbozen.it\/de\/","name":"Freiwillige Feuerwehr Bozen EO","description":"","publisher":{"@id":"https:\/\/ffbozen.it\/de\/#organization"},"potentialAction":[{"@type":"SearchAction","target":{"@type":"EntryPoint","urlTemplate":"https:\/\/ffbozen.it\/de\/?s={search_term_string}"},"query-input":"required name=search_term_string"}],"inLanguage":"de"},{"@type":"Organization","@id":"https:\/\/ffbozen.it\/de\/#organization","name":"Freiwillige Feuerwehr Bozen","url":"https:\/\/ffbozen.it\/de\/","logo":{"@type":"ImageObject","inLanguage":"de","@id":"https:\/\/ffbozen.it\/de\/#\/schema\/logo\/image\/","url":"https:\/\/ffbozen.it\/de\/wp-content\/uploads\/2020\/11\/Logo-ohne-Text-scaled-e1606231422963.jpg","contentUrl":"https:\/\/ffbozen.it\/de\/wp-content\/uploads\/2020\/11\/Logo-ohne-Text-scaled-e1606231422963.jpg","width":350,"height":140,"caption":"Freiwillige Feuerwehr Bozen"},"image":{"@id":"https:\/\/ffbozen.it\/de\/#\/schema\/logo\/image\/"},"sameAs":["https:\/\/www.facebook.com\/ff.bozen","https:\/\/www.instagram.com\/ff.bozen\/"]}]}},"_links":{"self":[{"href":"https:\/\/ffbozen.it\/de\/wp-json\/wp\/v2\/einsatz\/19265"}],"collection":[{"href":"https:\/\/ffbozen.it\/de\/wp-json\/wp\/v2\/einsatz"}],"about":[{"href":"https:\/\/ffbozen.it\/de\/wp-json\/wp\/v2\/types\/einsatz"}],"author":[{"embeddable":true,"href":"https:\/\/ffbozen.it\/de\/wp-json\/wp\/v2\/users\/5"}],"version-history":[{"count":0,"href":"https:\/\/ffbozen.it\/de\/wp-json\/wp\/v2\/einsatz\/19265\/revisions"}],"wp:attachment":[{"href":"https:\/\/ffbozen.it\/de\/wp-json\/wp\/v2\/media?parent=19265"}],"wp:term":[{"taxonomy":"category","embeddable":true,"href":"https:\/\/ffbozen.it\/de\/wp-json\/wp\/v2\/categories?post=19265"},{"taxonomy":"einsatzart","embeddable":true,"href":"https:\/\/ffbozen.it\/de\/wp-json\/wp\/v2\/einsatzart?post=19265"},{"taxonomy":"fahrzeug","embeddable":true,"href":"https:\/\/ffbozen.it\/de\/wp-json\/wp\/v2\/fahrzeug?post=19265"},{"taxonomy":"exteinsatzmittel","embeddable":true,"href":"https:\/\/ffbozen.it\/de\/wp-json\/wp\/v2\/exteinsatzmittel?post=19265"},{"taxonomy":"alarmierungsart","embeddable":true,"href":"https:\/\/ffbozen.it\/de\/wp-json\/wp\/v2\/alarmierungsart?post=19265"},{"taxonomy":"evw_unit","embeddable":true,"href":"https:\/\/ffbozen.it\/de\/wp-json\/wp\/v2\/evw_unit?post=19265"}],"curies":[{"name":"wp","href":"https:\/\/api.w.org\/{rel}","templated":true}]}}

<p>Am frühen Morgen des heutigen Samstags kam es in der Bozner Cadornastraße zu einem Brandeinsatz in einem Mehrfamilienwohnhaus.<br />
Als die Einsatzmannschaften der Berufsfeuerwehr und der Freiwilligen Feuerwehr Bozen am Einsatzort eintrafen, stand eine aus Holzelementen bestehende Fassade nahezu in Vollbrand.<br />
Durch einen gezielten Außenangriff konnten die Flammen relativ rasch bekämpft werden, aufgrund der aufwändigen Nachlöscharbeiten, im Zuge deren auch ein Teil des Daches abgedeckt werden musste, zog sich der Einsatz jedoch über mehrere Stunden hin.<br />
Alle Bewohner des Gebäudes wurden umgehend evakuiert und noch vor Ort rettungsdienstlich betreut. Verletzt wurde glücklicherweise niemand.<br />
Neben der Berufsfeuerwehr und der Freiwilligen Feuerwehr Bozen stand auch der Rettungsdienst sowie der Streifendienst der Quästur von Bozen im Einsatz. Ermittlungen zur Feststellung der Brandursache wurden eingeleitet.</p>

<!-- This site is optimized with the Yoast SEO plugin v20.4 - https://yoast.com/wordpress/plugins/seo/ -->
<title>Balkon- und Fassadenbrand - Freiwillige Feuerwehr Bozen EO</title>
<meta name="robots" content="index, follow, max-snippet:-1, max-image-preview:large, max-video-preview:-1" />
<link rel="canonical" href="https://ffbozen.it/de/einsatzberichte/balkon-und-fassadenbrand/" />
<meta property="og:locale" content="de_DE" />
<meta property="og:type" content="article" />
<meta property="og:title" content="Balkon- und Fassadenbrand - Freiwillige Feuerwehr Bozen EO" />
<meta property="og:description" content="Am frühen Morgen des heutigen Samstags kam es in der Bozner Cadornastraße zu einem Brandeinsatz in einem Mehrfamilienwohnhaus. Als die Einsatzmannschaften der Berufsfeuerwehr und der Freiwilligen Feuerwehr Bozen am Einsatzort eintrafen, stand eine aus Holzelementen bestehende Fassade nahezu in Vollbrand. Durch einen gezielten Außenangriff konnten die Flammen relativ rasch bekämpft werden, aufgrund der aufwändigen Nachlöscharbeiten,&nbsp;&hellip;" />
<meta property="og:url" content="https://ffbozen.it/de/einsatzberichte/balkon-und-fassadenbrand/" />
<meta property="og:site_name" content="Freiwillige Feuerwehr Bozen EO" />
<meta property="article:publisher" content="https://www.facebook.com/ff.bozen" />
<meta name="twitter:card" content="summary_large_image" />
<meta name="twitter:label1" content="Geschätzte Lesezeit" />
	<meta name="twitter:data1" content="1 Minute" />
<script type="application/ld+json" class="yoast-schema-graph">{"@context":"https://schema.org","@graph":[{"@type":"WebPage","@id":"https://ffbozen.it/de/einsatzberichte/balkon-und-fassadenbrand/","url":"https://ffbozen.it/de/einsatzberichte/balkon-und-fassadenbrand/","name":"Balkon- und Fassadenbrand - Freiwillige Feuerwehr Bozen EO","isPartOf":{"@id":"https://ffbozen.it/de/#website"},"datePublished":"2019-09-07T01:24:00+00:00","dateModified":"2019-09-07T01:24:00+00:00","breadcrumb":{"@id":"https://ffbozen.it/de/einsatzberichte/balkon-und-fassadenbrand/#breadcrumb"},"inLanguage":"de","potentialAction":[{"@type":"ReadAction","target":["https://ffbozen.it/de/einsatzberichte/balkon-und-fassadenbrand/"]}]},{"@type":"BreadcrumbList","@id":"https://ffbozen.it/de/einsatzberichte/balkon-und-fassadenbrand/#breadcrumb","itemListElement":[{"@type":"ListItem","position":1,"name":"Startseite","item":"https://ffbozen.it/de/"},{"@type":"ListItem","position":2,"name":"Einsatzberichte","item":"https://ffbozen.it/de/einsatzberichte/"},{"@type":"ListItem","position":3,"name":"Balkon- und Fassadenbrand"}]},{"@type":"WebSite","@id":"https://ffbozen.it/de/#website","url":"https://ffbozen.it/de/","name":"Freiwillige Feuerwehr Bozen EO","description":"","publisher":{"@id":"https://ffbozen.it/de/#organization"},"potentialAction":[{"@type":"SearchAction","target":{"@type":"EntryPoint","urlTemplate":"https://ffbozen.it/de/?s={search_term_string}"},"query-input":"required name=search_term_string"}],"inLanguage":"de"},{"@type":"Organization","@id":"https://ffbozen.it/de/#organization","name":"Freiwillige Feuerwehr Bozen","url":"https://ffbozen.it/de/","logo":{"@type":"ImageObject","inLanguage":"de","@id":"https://ffbozen.it/de/#/schema/logo/image/","url":"https://ffbozen.it/de/wp-content/uploads/2020/11/Logo-ohne-Text-scaled-e1606231422963.jpg","contentUrl":"https://ffbozen.it/de/wp-content/uploads/2020/11/Logo-ohne-Text-scaled-e1606231422963.jpg","width":350,"height":140,"caption":"Freiwillige Feuerwehr Bozen"},"image":{"@id":"https://ffbozen.it/de/#/schema/logo/image/"},"sameAs":["https://www.facebook.com/ff.bozen","https://www.instagram.com/ff.bozen/"]}]}</script>
<!-- / Yoast SEO plugin. -->

Am frühen Morgen des heutigen Samstags kam es in der Bozner Cadornastraße zu einem Brandeinsatz in einem Mehrfamilienwohnhaus. Als die Einsatzmannschaften der Berufsfeuerwehr und der Freiwilligen Feuerwehr Bozen am Einsatzort eintrafen, stand eine aus Holzelementen bestehende Fassade nahezu in Vollbrand. Durch einen gezielten Außenangriff konnten die Flammen relativ rasch bekämpft werden, aufgrund der aufwändigen Nachlöscharbeiten,&nbsp;&hellip;
