{"id":23282,"date":"2022-05-21T02:27:00","date_gmt":"2022-05-21T00:27:00","guid":{"rendered":"https:\/\/ffbozen.it\/de\/?post_type=einsatz&#038;p=23282"},"modified":"2022-06-13T09:04:38","modified_gmt":"2022-06-13T07:04:38","slug":"wohnungsbrand-3","status":"publish","type":"einsatz","link":"https:\/\/ffbozen.it\/de\/einsatzberichte\/wohnungsbrand-3\/","title":{"rendered":"Wohnungsbrand"},"content":{"rendered":"<div class=\"gridContainer\">\n<p>In der Nacht kam es in der Bozner Altstadt zu einem aufsehenerregenden Brandeinsatz in einem Wohngeb\u00e4ude. Gegen halb drei Uhr r\u00fcckten die Berufsfeuerwehr und die Freiwillige Feuerwehr Bozen gemeinsam in die Kapuzinergasse aus. Im Eingangsbereich eines Wohngeb\u00e4udes geriet Isoliermaterial in Brand, wodurch es auch zu einer starken Rauchentwicklung kam. Das Geb\u00e4ude wurde umgehend evakuiert und in Folge wurden rund ein Dutzend Insassen vor Ort rettungsdienstlich betreut. F\u00fcnf Personen mussten aufgrund von Schw\u00e4cheerscheinungen und Rauchgasvergiftungen in das Krankenhaus von eingeliefert werden. Der Brand selbst konnte von den Feuerwehren rasch unter Kontrolle gebracht werden, die Nachl\u00f6scharbeiten sowie die notwendig gewordenen Entrauchungsma\u00dfnahmen und Kontrollen des Geb\u00e4udes zogen sich jedoch eine Weile hin.<\/p>\n<\/div>\n\n<div class=\"gridContainer\">\n<p>Vor Ort im Einsatz, welcher teilweise nur mit schweren Atemschutzger\u00e4ten durchgef\u00fchrt werden konnte, standen die Berufsfeuerwehr und die Freiwillige Feuerwehr Bozen mit mehreren Tankl\u00f6sch- und L\u00f6schfahrzeugen. Auch mehrere Rettungs- und Krankentransportfahrzeuge des Wei\u00dfen- und Roten Kreuzes der Sektionen Bozen und \u00dcberetsch, der rettungsdienstliche organisatorische Leiter von Bozen, sowie ein Notarzt des Sanit\u00e4tsbetriebes standen vor Ort im Einsatz.<\/p>\n<\/div>\n\n<div class=\"gridContainer\">\n<p>Die Brandursache ist derzeit noch Gegenstand von Untersuchungen. Mit den Ermittlungen wurde der Streifendienst der Bozner Qu\u00e4stur betraut.<\/p>\n<\/div>\n\n<div class=\"wp-container-3 gridContainer\">\n<div class=\"wp-block-group\"><div class=\"wp-block-group__inner-container\"><div class=\"wp-container-2 wp-block-gallery-1 gridContainer\">\n<figure class=\"wp-block-gallery has-nested-images columns-default is-cropped\"><div class=\"gridContainer\">\n<figure class=\"wp-block-image size-medium\"><a href=\"https:\/\/ffbozen.it\/de\/wp-content\/uploads\/2022\/06\/FF3-rotated.jpg\"><img loading=\"lazy\" width=\"225\" height=\"300\" src=\"https:\/\/ffbozen.it\/de\/wp-content\/uploads\/2022\/06\/FF3-225x300.jpg\" alt=\"\" class=\"wp-image-23283\" srcset=\"https:\/\/ffbozen.it\/de\/wp-content\/uploads\/2022\/06\/FF3-225x300.jpg 225w, https:\/\/ffbozen.it\/de\/wp-content\/uploads\/2022\/06\/FF3-rotated.jpg 768w\" sizes=\"(max-width: 225px) 100vw, 225px\" \/><\/a><\/figure>\n<\/div>\n\n<div class=\"gridContainer\">\n<figure class=\"wp-block-image size-medium\"><a href=\"https:\/\/ffbozen.it\/de\/wp-content\/uploads\/2022\/06\/FF1.jpg\"><img loading=\"lazy\" width=\"241\" height=\"300\" src=\"https:\/\/ffbozen.it\/de\/wp-content\/uploads\/2022\/06\/FF1-241x300.jpg\" alt=\"\" class=\"wp-image-23284\" srcset=\"https:\/\/ffbozen.it\/de\/wp-content\/uploads\/2022\/06\/FF1-241x300.jpg 241w, https:\/\/ffbozen.it\/de\/wp-content\/uploads\/2022\/06\/FF1.jpg 618w\" sizes=\"(max-width: 241px) 100vw, 241px\" \/><\/a><\/figure>\n<\/div>\n\n<div class=\"gridContainer\">\n<figure class=\"wp-block-image size-medium\"><a href=\"https:\/\/ffbozen.it\/de\/wp-content\/uploads\/2022\/06\/FF2.jpg\"><img loading=\"lazy\" width=\"207\" height=\"300\" src=\"https:\/\/ffbozen.it\/de\/wp-content\/uploads\/2022\/06\/FF2-207x300.jpg\" alt=\"\" class=\"wp-image-23285\" srcset=\"https:\/\/ffbozen.it\/de\/wp-content\/uploads\/2022\/06\/FF2-207x300.jpg 207w, https:\/\/ffbozen.it\/de\/wp-content\/uploads\/2022\/06\/FF2.jpg 531w\" sizes=\"(max-width: 207px) 100vw, 207px\" \/><\/a><\/figure>\n<\/div><\/figure>\n<\/div><\/div>\n<\/div><\/div>","protected":false},"author":5,"featured_media":0,"template":"","meta":{"einsatz_weight":1},"categories":[],"einsatzart":[125],"fahrzeug":[11,7],"exteinsatzmittel":[19,15,18],"alarmierungsart":[],"evw_unit":[267],"yoast_head":"<!-- This site is optimized with the Yoast SEO plugin v20.4 - https:\/\/yoast.com\/wordpress\/plugins\/seo\/ -->\n<title>Wohnungsbrand - Freiwillige Feuerwehr Bozen EO<\/title>\n<meta name=\"robots\" content=\"index, follow, max-snippet:-1, max-image-preview:large, max-video-preview:-1\" \/>\n<link rel=\"canonical\" href=\"https:\/\/ffbozen.it\/de\/einsatzberichte\/wohnungsbrand-3\/\" \/>\n<meta property=\"og:locale\" content=\"de_DE\" \/>\n<meta property=\"og:type\" content=\"article\" \/>\n<meta property=\"og:title\" content=\"Wohnungsbrand - Freiwillige Feuerwehr Bozen EO\" \/>\n<meta property=\"og:description\" content=\"In der Nacht kam es in der Bozner Altstadt zu einem aufsehenerregenden Brandeinsatz in einem Wohngeb\u00e4ude. Gegen halb drei Uhr r\u00fcckten die Berufsfeuerwehr und die Freiwillige Feuerwehr Bozen gemeinsam in die Kapuzinergasse aus. Im Eingangsbereich eines Wohngeb\u00e4udes geriet Isoliermaterial in Brand, wodurch es auch zu einer starken Rauchentwicklung kam. Das Geb\u00e4ude wurde umgehend evakuiert und&nbsp;&hellip;\" \/>\n<meta property=\"og:url\" content=\"https:\/\/ffbozen.it\/de\/einsatzberichte\/wohnungsbrand-3\/\" \/>\n<meta property=\"og:site_name\" content=\"Freiwillige Feuerwehr Bozen EO\" \/>\n<meta property=\"article:publisher\" content=\"https:\/\/www.facebook.com\/ff.bozen\" \/>\n<meta property=\"article:modified_time\" content=\"2022-06-13T07:04:38+00:00\" \/>\n<meta property=\"og:image\" content=\"https:\/\/ffbozen.it\/de\/wp-content\/uploads\/2022\/06\/FF3-225x300.jpg\" \/>\n<meta name=\"twitter:card\" content=\"summary_large_image\" \/>\n<meta name=\"twitter:label1\" content=\"Gesch\u00e4tzte Lesezeit\" \/>\n\t<meta name=\"twitter:data1\" content=\"2\u00a0Minuten\" \/>\n<script type=\"application\/ld+json\" class=\"yoast-schema-graph\">{\"@context\":\"https:\/\/schema.org\",\"@graph\":[{\"@type\":\"WebPage\",\"@id\":\"https:\/\/ffbozen.it\/de\/einsatzberichte\/wohnungsbrand-3\/\",\"url\":\"https:\/\/ffbozen.it\/de\/einsatzberichte\/wohnungsbrand-3\/\",\"name\":\"Wohnungsbrand - Freiwillige Feuerwehr Bozen EO\",\"isPartOf\":{\"@id\":\"https:\/\/ffbozen.it\/de\/#website\"},\"datePublished\":\"2022-05-21T00:27:00+00:00\",\"dateModified\":\"2022-06-13T07:04:38+00:00\",\"breadcrumb\":{\"@id\":\"https:\/\/ffbozen.it\/de\/einsatzberichte\/wohnungsbrand-3\/#breadcrumb\"},\"inLanguage\":\"de\",\"potentialAction\":[{\"@type\":\"ReadAction\",\"target\":[\"https:\/\/ffbozen.it\/de\/einsatzberichte\/wohnungsbrand-3\/\"]}]},{\"@type\":\"BreadcrumbList\",\"@id\":\"https:\/\/ffbozen.it\/de\/einsatzberichte\/wohnungsbrand-3\/#breadcrumb\",\"itemListElement\":[{\"@type\":\"ListItem\",\"position\":1,\"name\":\"Startseite\",\"item\":\"https:\/\/ffbozen.it\/de\/\"},{\"@type\":\"ListItem\",\"position\":2,\"name\":\"Einsatzberichte\",\"item\":\"https:\/\/ffbozen.it\/de\/einsatzberichte\/\"},{\"@type\":\"ListItem\",\"position\":3,\"name\":\"Wohnungsbrand\"}]},{\"@type\":\"WebSite\",\"@id\":\"https:\/\/ffbozen.it\/de\/#website\",\"url\":\"https:\/\/ffbozen.it\/de\/\",\"name\":\"Freiwillige Feuerwehr Bozen EO\",\"description\":\"\",\"publisher\":{\"@id\":\"https:\/\/ffbozen.it\/de\/#organization\"},\"potentialAction\":[{\"@type\":\"SearchAction\",\"target\":{\"@type\":\"EntryPoint\",\"urlTemplate\":\"https:\/\/ffbozen.it\/de\/?s={search_term_string}\"},\"query-input\":\"required name=search_term_string\"}],\"inLanguage\":\"de\"},{\"@type\":\"Organization\",\"@id\":\"https:\/\/ffbozen.it\/de\/#organization\",\"name\":\"Freiwillige Feuerwehr Bozen\",\"url\":\"https:\/\/ffbozen.it\/de\/\",\"logo\":{\"@type\":\"ImageObject\",\"inLanguage\":\"de\",\"@id\":\"https:\/\/ffbozen.it\/de\/#\/schema\/logo\/image\/\",\"url\":\"https:\/\/ffbozen.it\/de\/wp-content\/uploads\/2020\/11\/Logo-ohne-Text-scaled-e1606231422963.jpg\",\"contentUrl\":\"https:\/\/ffbozen.it\/de\/wp-content\/uploads\/2020\/11\/Logo-ohne-Text-scaled-e1606231422963.jpg\",\"width\":350,\"height\":140,\"caption\":\"Freiwillige Feuerwehr Bozen\"},\"image\":{\"@id\":\"https:\/\/ffbozen.it\/de\/#\/schema\/logo\/image\/\"},\"sameAs\":[\"https:\/\/www.facebook.com\/ff.bozen\",\"https:\/\/www.instagram.com\/ff.bozen\/\"]}]}<\/script>\n<!-- \/ Yoast SEO plugin. -->","yoast_head_json":{"title":"Wohnungsbrand - Freiwillige Feuerwehr Bozen EO","robots":{"index":"index","follow":"follow","max-snippet":"max-snippet:-1","max-image-preview":"max-image-preview:large","max-video-preview":"max-video-preview:-1"},"canonical":"https:\/\/ffbozen.it\/de\/einsatzberichte\/wohnungsbrand-3\/","og_locale":"de_DE","og_type":"article","og_title":"Wohnungsbrand - Freiwillige Feuerwehr Bozen EO","og_description":"In der Nacht kam es in der Bozner Altstadt zu einem aufsehenerregenden Brandeinsatz in einem Wohngeb\u00e4ude. Gegen halb drei Uhr r\u00fcckten die Berufsfeuerwehr und die Freiwillige Feuerwehr Bozen gemeinsam in die Kapuzinergasse aus. Im Eingangsbereich eines Wohngeb\u00e4udes geriet Isoliermaterial in Brand, wodurch es auch zu einer starken Rauchentwicklung kam. Das Geb\u00e4ude wurde umgehend evakuiert und&nbsp;&hellip;","og_url":"https:\/\/ffbozen.it\/de\/einsatzberichte\/wohnungsbrand-3\/","og_site_name":"Freiwillige Feuerwehr Bozen EO","article_publisher":"https:\/\/www.facebook.com\/ff.bozen","article_modified_time":"2022-06-13T07:04:38+00:00","og_image":[{"url":"https:\/\/ffbozen.it\/de\/wp-content\/uploads\/2022\/06\/FF3-225x300.jpg"}],"twitter_card":"summary_large_image","twitter_misc":{"Gesch\u00e4tzte Lesezeit":"2\u00a0Minuten"},"schema":{"@context":"https:\/\/schema.org","@graph":[{"@type":"WebPage","@id":"https:\/\/ffbozen.it\/de\/einsatzberichte\/wohnungsbrand-3\/","url":"https:\/\/ffbozen.it\/de\/einsatzberichte\/wohnungsbrand-3\/","name":"Wohnungsbrand - Freiwillige Feuerwehr Bozen EO","isPartOf":{"@id":"https:\/\/ffbozen.it\/de\/#website"},"datePublished":"2022-05-21T00:27:00+00:00","dateModified":"2022-06-13T07:04:38+00:00","breadcrumb":{"@id":"https:\/\/ffbozen.it\/de\/einsatzberichte\/wohnungsbrand-3\/#breadcrumb"},"inLanguage":"de","potentialAction":[{"@type":"ReadAction","target":["https:\/\/ffbozen.it\/de\/einsatzberichte\/wohnungsbrand-3\/"]}]},{"@type":"BreadcrumbList","@id":"https:\/\/ffbozen.it\/de\/einsatzberichte\/wohnungsbrand-3\/#breadcrumb","itemListElement":[{"@type":"ListItem","position":1,"name":"Startseite","item":"https:\/\/ffbozen.it\/de\/"},{"@type":"ListItem","position":2,"name":"Einsatzberichte","item":"https:\/\/ffbozen.it\/de\/einsatzberichte\/"},{"@type":"ListItem","position":3,"name":"Wohnungsbrand"}]},{"@type":"WebSite","@id":"https:\/\/ffbozen.it\/de\/#website","url":"https:\/\/ffbozen.it\/de\/","name":"Freiwillige Feuerwehr Bozen EO","description":"","publisher":{"@id":"https:\/\/ffbozen.it\/de\/#organization"},"potentialAction":[{"@type":"SearchAction","target":{"@type":"EntryPoint","urlTemplate":"https:\/\/ffbozen.it\/de\/?s={search_term_string}"},"query-input":"required name=search_term_string"}],"inLanguage":"de"},{"@type":"Organization","@id":"https:\/\/ffbozen.it\/de\/#organization","name":"Freiwillige Feuerwehr Bozen","url":"https:\/\/ffbozen.it\/de\/","logo":{"@type":"ImageObject","inLanguage":"de","@id":"https:\/\/ffbozen.it\/de\/#\/schema\/logo\/image\/","url":"https:\/\/ffbozen.it\/de\/wp-content\/uploads\/2020\/11\/Logo-ohne-Text-scaled-e1606231422963.jpg","contentUrl":"https:\/\/ffbozen.it\/de\/wp-content\/uploads\/2020\/11\/Logo-ohne-Text-scaled-e1606231422963.jpg","width":350,"height":140,"caption":"Freiwillige Feuerwehr Bozen"},"image":{"@id":"https:\/\/ffbozen.it\/de\/#\/schema\/logo\/image\/"},"sameAs":["https:\/\/www.facebook.com\/ff.bozen","https:\/\/www.instagram.com\/ff.bozen\/"]}]}},"_links":{"self":[{"href":"https:\/\/ffbozen.it\/de\/wp-json\/wp\/v2\/einsatz\/23282"}],"collection":[{"href":"https:\/\/ffbozen.it\/de\/wp-json\/wp\/v2\/einsatz"}],"about":[{"href":"https:\/\/ffbozen.it\/de\/wp-json\/wp\/v2\/types\/einsatz"}],"author":[{"embeddable":true,"href":"https:\/\/ffbozen.it\/de\/wp-json\/wp\/v2\/users\/5"}],"version-history":[{"count":6,"href":"https:\/\/ffbozen.it\/de\/wp-json\/wp\/v2\/einsatz\/23282\/revisions"}],"predecessor-version":[{"id":23326,"href":"https:\/\/ffbozen.it\/de\/wp-json\/wp\/v2\/einsatz\/23282\/revisions\/23326"}],"wp:attachment":[{"href":"https:\/\/ffbozen.it\/de\/wp-json\/wp\/v2\/media?parent=23282"}],"wp:term":[{"taxonomy":"category","embeddable":true,"href":"https:\/\/ffbozen.it\/de\/wp-json\/wp\/v2\/categories?post=23282"},{"taxonomy":"einsatzart","embeddable":true,"href":"https:\/\/ffbozen.it\/de\/wp-json\/wp\/v2\/einsatzart?post=23282"},{"taxonomy":"fahrzeug","embeddable":true,"href":"https:\/\/ffbozen.it\/de\/wp-json\/wp\/v2\/fahrzeug?post=23282"},{"taxonomy":"exteinsatzmittel","embeddable":true,"href":"https:\/\/ffbozen.it\/de\/wp-json\/wp\/v2\/exteinsatzmittel?post=23282"},{"taxonomy":"alarmierungsart","embeddable":true,"href":"https:\/\/ffbozen.it\/de\/wp-json\/wp\/v2\/alarmierungsart?post=23282"},{"taxonomy":"evw_unit","embeddable":true,"href":"https:\/\/ffbozen.it\/de\/wp-json\/wp\/v2\/evw_unit?post=23282"}],"curies":[{"name":"wp","href":"https:\/\/api.w.org\/{rel}","templated":true}]}}

<div class="gridContainer">
<p>In der Nacht kam es in der Bozner Altstadt zu einem aufsehenerregenden Brandeinsatz in einem Wohngebäude. Gegen halb drei Uhr rückten die Berufsfeuerwehr und die Freiwillige Feuerwehr Bozen gemeinsam in die Kapuzinergasse aus. Im Eingangsbereich eines Wohngebäudes geriet Isoliermaterial in Brand, wodurch es auch zu einer starken Rauchentwicklung kam. Das Gebäude wurde umgehend evakuiert und in Folge wurden rund ein Dutzend Insassen vor Ort rettungsdienstlich betreut. Fünf Personen mussten aufgrund von Schwächeerscheinungen und Rauchgasvergiftungen in das Krankenhaus von eingeliefert werden. Der Brand selbst konnte von den Feuerwehren rasch unter Kontrolle gebracht werden, die Nachlöscharbeiten sowie die notwendig gewordenen Entrauchungsmaßnahmen und Kontrollen des Gebäudes zogen sich jedoch eine Weile hin.</p>
</div>

<div class="gridContainer">
<p>Vor Ort im Einsatz, welcher teilweise nur mit schweren Atemschutzgeräten durchgeführt werden konnte, standen die Berufsfeuerwehr und die Freiwillige Feuerwehr Bozen mit mehreren Tanklösch- und Löschfahrzeugen. Auch mehrere Rettungs- und Krankentransportfahrzeuge des Weißen- und Roten Kreuzes der Sektionen Bozen und Überetsch, der rettungsdienstliche organisatorische Leiter von Bozen, sowie ein Notarzt des Sanitätsbetriebes standen vor Ort im Einsatz.</p>
</div>

<div class="gridContainer">
<p>Die Brandursache ist derzeit noch Gegenstand von Untersuchungen. Mit den Ermittlungen wurde der Streifendienst der Bozner Quästur betraut.</p>
</div>

<div class="wp-container-3 gridContainer">
<div class="wp-block-group"><div class="wp-block-group__inner-container"><div class="wp-container-2 wp-block-gallery-1 gridContainer">
<figure class="wp-block-gallery has-nested-images columns-default is-cropped"><div class="gridContainer">
<figure class="wp-block-image size-medium"><a href="https://ffbozen.it/de/wp-content/uploads/2022/06/FF3-rotated.jpg"><img loading="lazy" width="225" height="300" src="https://ffbozen.it/de/wp-content/uploads/2022/06/FF3-225x300.jpg" alt="" class="wp-image-23283" srcset="https://ffbozen.it/de/wp-content/uploads/2022/06/FF3-225x300.jpg 225w, https://ffbozen.it/de/wp-content/uploads/2022/06/FF3-rotated.jpg 768w" sizes="(max-width: 225px) 100vw, 225px" /></a></figure>
</div>

<div class="gridContainer">
<figure class="wp-block-image size-medium"><a href="https://ffbozen.it/de/wp-content/uploads/2022/06/FF1.jpg"><img loading="lazy" width="241" height="300" src="https://ffbozen.it/de/wp-content/uploads/2022/06/FF1-241x300.jpg" alt="" class="wp-image-23284" srcset="https://ffbozen.it/de/wp-content/uploads/2022/06/FF1-241x300.jpg 241w, https://ffbozen.it/de/wp-content/uploads/2022/06/FF1.jpg 618w" sizes="(max-width: 241px) 100vw, 241px" /></a></figure>
</div>

<div class="gridContainer">
<figure class="wp-block-image size-medium"><a href="https://ffbozen.it/de/wp-content/uploads/2022/06/FF2.jpg"><img loading="lazy" width="207" height="300" src="https://ffbozen.it/de/wp-content/uploads/2022/06/FF2-207x300.jpg" alt="" class="wp-image-23285" srcset="https://ffbozen.it/de/wp-content/uploads/2022/06/FF2-207x300.jpg 207w, https://ffbozen.it/de/wp-content/uploads/2022/06/FF2.jpg 531w" sizes="(max-width: 207px) 100vw, 207px" /></a></figure>
</div></figure>
</div></div>
</div></div>

<!-- This site is optimized with the Yoast SEO plugin v20.4 - https://yoast.com/wordpress/plugins/seo/ -->
<title>Wohnungsbrand - Freiwillige Feuerwehr Bozen EO</title>
<meta name="robots" content="index, follow, max-snippet:-1, max-image-preview:large, max-video-preview:-1" />
<link rel="canonical" href="https://ffbozen.it/de/einsatzberichte/wohnungsbrand-3/" />
<meta property="og:locale" content="de_DE" />
<meta property="og:type" content="article" />
<meta property="og:title" content="Wohnungsbrand - Freiwillige Feuerwehr Bozen EO" />
<meta property="og:description" content="In der Nacht kam es in der Bozner Altstadt zu einem aufsehenerregenden Brandeinsatz in einem Wohngebäude. Gegen halb drei Uhr rückten die Berufsfeuerwehr und die Freiwillige Feuerwehr Bozen gemeinsam in die Kapuzinergasse aus. Im Eingangsbereich eines Wohngebäudes geriet Isoliermaterial in Brand, wodurch es auch zu einer starken Rauchentwicklung kam. Das Gebäude wurde umgehend evakuiert und&nbsp;&hellip;" />
<meta property="og:url" content="https://ffbozen.it/de/einsatzberichte/wohnungsbrand-3/" />
<meta property="og:site_name" content="Freiwillige Feuerwehr Bozen EO" />
<meta property="article:publisher" content="https://www.facebook.com/ff.bozen" />
<meta property="article:modified_time" content="2022-06-13T07:04:38+00:00" />
<meta property="og:image" content="https://ffbozen.it/de/wp-content/uploads/2022/06/FF3-225x300.jpg" />
<meta name="twitter:card" content="summary_large_image" />
<meta name="twitter:label1" content="Geschätzte Lesezeit" />
	<meta name="twitter:data1" content="2 Minuten" />
<script type="application/ld+json" class="yoast-schema-graph">{"@context":"https://schema.org","@graph":[{"@type":"WebPage","@id":"https://ffbozen.it/de/einsatzberichte/wohnungsbrand-3/","url":"https://ffbozen.it/de/einsatzberichte/wohnungsbrand-3/","name":"Wohnungsbrand - Freiwillige Feuerwehr Bozen EO","isPartOf":{"@id":"https://ffbozen.it/de/#website"},"datePublished":"2022-05-21T00:27:00+00:00","dateModified":"2022-06-13T07:04:38+00:00","breadcrumb":{"@id":"https://ffbozen.it/de/einsatzberichte/wohnungsbrand-3/#breadcrumb"},"inLanguage":"de","potentialAction":[{"@type":"ReadAction","target":["https://ffbozen.it/de/einsatzberichte/wohnungsbrand-3/"]}]},{"@type":"BreadcrumbList","@id":"https://ffbozen.it/de/einsatzberichte/wohnungsbrand-3/#breadcrumb","itemListElement":[{"@type":"ListItem","position":1,"name":"Startseite","item":"https://ffbozen.it/de/"},{"@type":"ListItem","position":2,"name":"Einsatzberichte","item":"https://ffbozen.it/de/einsatzberichte/"},{"@type":"ListItem","position":3,"name":"Wohnungsbrand"}]},{"@type":"WebSite","@id":"https://ffbozen.it/de/#website","url":"https://ffbozen.it/de/","name":"Freiwillige Feuerwehr Bozen EO","description":"","publisher":{"@id":"https://ffbozen.it/de/#organization"},"potentialAction":[{"@type":"SearchAction","target":{"@type":"EntryPoint","urlTemplate":"https://ffbozen.it/de/?s={search_term_string}"},"query-input":"required name=search_term_string"}],"inLanguage":"de"},{"@type":"Organization","@id":"https://ffbozen.it/de/#organization","name":"Freiwillige Feuerwehr Bozen","url":"https://ffbozen.it/de/","logo":{"@type":"ImageObject","inLanguage":"de","@id":"https://ffbozen.it/de/#/schema/logo/image/","url":"https://ffbozen.it/de/wp-content/uploads/2020/11/Logo-ohne-Text-scaled-e1606231422963.jpg","contentUrl":"https://ffbozen.it/de/wp-content/uploads/2020/11/Logo-ohne-Text-scaled-e1606231422963.jpg","width":350,"height":140,"caption":"Freiwillige Feuerwehr Bozen"},"image":{"@id":"https://ffbozen.it/de/#/schema/logo/image/"},"sameAs":["https://www.facebook.com/ff.bozen","https://www.instagram.com/ff.bozen/"]}]}</script>
<!-- / Yoast SEO plugin. -->

In der Nacht kam es in der Bozner Altstadt zu einem aufsehenerregenden Brandeinsatz in einem Wohngebäude. Gegen halb drei Uhr rückten die Berufsfeuerwehr und die Freiwillige Feuerwehr Bozen gemeinsam in die Kapuzinergasse aus. Im Eingangsbereich eines Wohngebäudes geriet Isoliermaterial in Brand, wodurch es auch zu einer starken Rauchentwicklung kam. Das Gebäude wurde umgehend evakuiert und&nbsp;&hellip;
